-1558
In base 9, what is 128673 - -18?
128702
In base 16, what is -84b + 46?
-805
In base 3, what is 10021 + -110121?
-100100
In base 12, what is -10366 - -1?
-10365
In base 10, what is 2 - -1067600?
1067602
In base 11, what is -2 - 10511a?
-105121
In base 5, what is 31100 + 240?
31340
In base 11, what is 2573a8 - 5?
2573a3
In base 12, what is -67 - -a1b?
974
In base 15, what is 1464 + 21d?
1682
In base 16, what is 15875b - 0?
15875b
In base 8, what is 26 + 503436?
503464
In base 3, what is 0 + -2222010002?
-2222010002
In base 13, what is -11b06 - -2?
-11b04
In base 3, what is 11 - 102211222120?
-102211222102
In base 9, what is 522 - -174?
706
In base 9, what is 5 + 1060658?
1060664
In base 8, what is 64455 + -22?
64433
In base 8, what is -173 - -2326?
2133
In base 13, what is 48 - -8a?
105
In base 2, what is 10101010100011 + -1001?
10101010011010
In base 4, what is 31102332 + -3?
31102323
In base 11, what is -8375 - -34?
-8341
In base 3, what is -202102220 - 1100?
-202111020
In base 16, what is -19631 - 9?
-1963a
In base 16, what is 14cd + -4?
14c9
In base 3, what is -111200122001 - -12?
-111200121212
In base 12, what is -123b7 + 1?
-123b6
In base 4, what is 33 + -31202321?
-31202222
In base 11, what is 9 - 29423?
-29415
In base 15, what is 50b2 + -4?
50ad
In base 10, what is -3931 - -195?
-3736
In base 16, what is 2 - 503c?
-503a
In base 8, what is 50 - -1757?
2027
In base 3, what is -1 + 1022022002211?
1022022002210
In base 13, what is 5a - 1ab?
-151
In base 3, what is 0 + -22011020121?
-22011020121
In base 16, what is 0 - -37a8?
37a8
In base 11, what is 5301 + -2?
52aa
In base 14, what is -156 + 7?
-14d
In base 14, what is 259 + -80?
1b9
In base 12, what is 79 - 11831?
-11774
In base 12, what is -40b0 + 6?
-40a6
In base 10, what is -383 - 282?
-665
In base 14, what is 10b5 - -4?
10b9
In base 12, what is 19 - -a29?
a46
In base 5, what is 223141 + -4?
223132
In base 2, what is 10011101100 + -101100?
10011000000
In base 6, what is -105345 + -5?
-105354
In base 9, what is 5 + 18850?
18855
In base 4, what is -332232 - -10?
-332222
In base 8, what is 20510 + 7?
20517
In base 16, what is -3aa5 + -5?
-3aaa
In base 11, what is -a86 - 33?
-1009
In base 15, what is 0 + 481a?
481a
In base 2, what is -11111111100 - -100100?
-11111011000
In base 8, what is -42570 - -3?
-42565
In base 12, what is 6051 - 29?
6024
In base 15, what is 9 + -532a1?
-53297
In base 12, what is 4 + 16b81?
16b85
In base 6, what is 10115 - -133?
10252
In base 10, what is 476 - -112?
588
In base 2, what is 101 - 1101111001011111100?
-1101111001011110111
In base 14, what is 29 - 26a?
-241
In base 10, what is 165 + 2591?
2756
In base 11, what is -14a0 - -3?
-1498
In base 14, what is 2894 + -17?
287b
In base 7, what is -3 + -606200?
-606203
In base 9, what is -225 - 1130?
-1355
In base 10, what is -127 + 4515?
4388
In base 5, what is -320 + 442402?
442032
In base 12, what is 3 + 2b554?
2b557
In base 9, what is 301524 + -20?
301504
In base 8, what is -22465 + -4?
-22471
In base 15, what is -29b40 + b?
-29b34
In base 6, what is -441 - 12405?
-13250
In base 6, what is 15 + -1420?
-1401
In base 9, what is 3366 + 13?
3380
In base 5, what is -44240444 - 1?
-44241000
In base 6, what is 1000225 - -2?
1000231
In base 4, what is -301111301 - 12?
-301111313
In base 7, what is 3410532 - 6?
3410523
In base 11, what is 2 + -2341?
-233a
In base 9, what is 5 - -417441?
417446
In base 10, what is 3985134 + -2?
3985132
In base 3, what is 1100022121 - -1?
1100022122
In base 7, what is -651 + -31366?
-32350
In base 2, what is -101 + -10001101001011111?
-10001101001100100
In base 10, what is 708 - 4?
704
In base 10, what is -2 + -813499?
-813501
In base 5, what is -14111100 + 4?
-14111041
In base 11, what is 48463 - -7?
4846a
In base 5, what is -2042201 + -222?
-2042423
In base 8, what is 2 - 175315?
-175313
In base 10, what is -342 + -4590?
-4932
In base 15, what is -a72e7 - -4?
-a72e3
In base 15, what is -52d - -4d?
-4d0
In base 15, what is -81a6 - 4?
-81aa
In base 11, what is -5 - 7247?
-7251
In base 16, what is d + -1b34?
-1b27
In base 12, what is 16 - -233?
249
In base 14, what is -b1a8 - 0?
-b1a8
In base 14, what is -373c0 + -3?
-373c3
In base 15, what is 1 - -190?
191
In base 13, what is -40c42 - 5?
-40c47
In base 16, what is -19e - -ad6?
938
In base 5, what is -11324342 + 4?
-11324333
In base 4, what is 20201202 + 1000?
20202202
In base 10, what is 2 - 1128103?
-1128101
In base 4, what is 11 + 12311132?
12311203
In base 7, what is -216 - 34521?
-35040
In base 14, what is -1755 - 5?
-175a
In base 4, what is -201 - 323323?
-330130
In base 11, what is 2072 + -a21?
1151
In base 3, what is 11022 + -102200?
-21101
In base 14, what is 2 - 384?
-382
In base 14, what is -11dd - -a0?
-113d
In base 3, what is -20100 - 1002?
-21102
In base 12, what is 0 + 3477?
3477
In base 16, what is -7 - -105905?
1058fe
In base 7, what is -4235235 + -2?
-4235240
In base 4, what is -10 + -1232010320?
-1232010330
In base 14, what is 34290 - -1?
34291
In base 3, what is 0 + -1012011102?
-1012011102
In base 7, what is 1353 - -1031?
2414
In base 16, what is -7739 + c?
-772d
In base 4, what is 121130211 - 1?
121130210
In base 10, what is 9741 - -8?
9749
In base 14, what is 18 - -408?
422
In base 11, what is -8 - 6a32?
-6a3a
In base 10, what is -14 + -26006?
-26020
In base 3, what is -12 + -102010021101?
-102010021120
In base 2, what is 1010000110110010100 - 100?
1010000110110010000
In base 14, what is ca16 + -5?
ca11
In base 11, what is -2 - a8600?
-a8602
In base 4, what is 11 - -313100001?
313100012
In base 8, what is 14 + 1322?
1336
In base 12, what is -99 + 21934?
21857
In base 11, what is -3 + 7437?
7434
In base 14, what is -b - -c7bc?
c7b1
In base 2, what is -11 - -11101110000000?
11101101111101
In base 15, what is -d7 + -11ce?
-12b6
In base 15, what is 478e0 - -3?
478e3
In base 4, what is -1330 - -113031?
111101
In base 3, what is -20122000 + 20?
-20121210
In base 2, what is 11100110010 + -11110010?
11001000000
In base 8, what is -77 + 460?
361
In base 3, what is -11102122200 + 20?
-11102122110
In base 5, what is 20404 + -113?
20241
In base 15, what is -5b53 - -1?
-5b52
In base 6, what is -2 - 12410101?
-12410103
In base 13, what is -46b00 + -4?
-46b04
In base 5, what is -132221 - 34?
-132310
In base 10, what is 0 + 7908?
7908
In base 6, what is -1042520 - 20?
-1042540
In base 9, what is 13 + -5600?
-5576
In base 16, what is 2 - aa88?
-aa86
In base 2, what is 10 + 1100110100000101?
1100110100000111
In base 13, what is -3 + -7aac?
-7ab2
In base 6, what is 42132 - -4?
42140
In base 11, what is 457802 - 2?
457800
In base 11, what is -3974915 - 2?
-3974917
In base 6, what is 244233314 + 4?
244233322
In base 6, what is -4 + -31022033?
-31022041
In base 15, what is -1 - -a88e?
a88d
In base 3, what is 112 - -11002222?
11010111
In base 3, what is 0 + -22210222100?
-22210222100
In base 5, what is -1 + -242333420?
-242333421
In base 2, what is -11110110110101 + -111?
-11110110111100
In base 10, what is -1 - 46745?
-46746
In base 9, what is 13 + -1546?
-1533
In base 10, what is -70460 + 34?
-70426
In base 8, what is -11 + 311237?
311226
In base 10, what is -100 + 411?
311
In base 14, what is -3 + 4cb6?
4cb3
In base 13, what is a6 + -56b?
-495
In base 16, what is -c0ed - 5?
-c0f2
In base 15, what is 0 + d167?
d167
In base 11, what is 473788 - -4?
473791
In base 6, what is 4354433 - 4?
4354425
In base 14, what is -4 - -ac9?
ac5
In base 6, what is 0 + -2051015?
-2051015
In base 6, what is -5 + 1121252?
1121243
In base 5, what is -12200 + 11013?
-1132
In base 4, what is -1 - 10033131?
-10033132
In base 10, what is -5 - -275419?
275414
In base 3, what is -2002212 - -20?
-2002122
In base 16, what is 4 + -16d7?
-16d3
In base 3, what is 11 - 110022111?
-110022100
In base 4, what is -1 - -1001330200?
1001330133
In base 2, what is 10001001010000100 - 1011?
10001001001111001
In base 13, what is -294cb + 3?
-294c8
In base 16, what is 1b + 4d1e?
4d39
In base 8, what is -1677171 - -2?
-1677167
In base 9, what is 4 + -28226?
-28222
In base 2, what is -11010000010110 + 1110?
-11010000001000
In base 3, what is 100 + -2111002222?
-2111002122
In base 9, what is 3 - -21882?
21885
In base 13, what is -5 - -6821?
6819
In base 12, what is -18b3 - -113